{"id":793,"date":"2019-03-11T00:21:10","date_gmt":"2019-03-10T23:21:10","guid":{"rendered":"http:\/\/www.achetezmoins.ch\/?page_id=793"},"modified":"2021-11-13T17:07:39","modified_gmt":"2021-11-13T16:07:39","slug":"la-bibliotheque","status":"publish","type":"page","link":"https:\/\/www.achetezmoins.ch\/?page_id=793","title":{"rendered":"La biblioth\u00e8que"},"content":{"rendered":"<p>Probablement le savez-vous d\u00e9j\u00e0: depuis la fin de l&rsquo;ann\u00e9e 2018, Moins! a son propre \u201cbureau\u201d de r\u00e9daction, que nous louons \u00e0 nos ami.es de la librairie Basta!, \u00e0 deux pas de la place Chauderon \u00e0 Lausanne.<\/p>\n<p>Au rythme de nos derni\u00e8res r\u00e9unions et de nos r\u00e9centes s\u00e9ances de travail, les \u00e9tag\u00e8res des biblioth\u00e8ques se garnissent de livres et de revues, les archives de Moins! se classent et se rangent dans des cartons, les murs se recouvrent d\u2019affiches et de calendriers&#8230;<\/p>\n<p>Et le lieu prend vie petit \u00e0 petit.<\/p>\n<p>D\u00e9sormais, la porte de ce modeste local reste toujours ouverte; une mani\u00e8re de vous inviter, lecteurs et lectrices, \u00e0 venir d\u00e9couvrir de nouveaux ouvrages &#8211; \u00e0 lire sur place en grignotant des biscuits ou \u00e0 emporter quelque temps, apr\u00e8s s\u2019\u00eatre inscrit dans le registre des emprunts. Vous pouvez \u00e9galement y acheter les Moins! qui vous manquent, contre quelques pi\u00e8ces \u00e0 glisser dans la tirelire ou feuilleter de vieux num\u00e9ros de revues amies (La D\u00e9croissance, Kairos, S!lence, La Revue Durable,&#8230;).<\/p>\n<p><img decoding=\"async\" loading=\"lazy\" class=\"wp-image-801 alignleft\" src=\"https:\/\/www.achetezmoins.ch\/wp-content\/uploads\/2019\/03\/Capture-d\u2019e\u0301cran-2019-03-11-a\u0300-00.31.47-300x278.png\" alt=\"\" width=\"343\" height=\"318\" srcset=\"https:\/\/www.achetezmoins.ch\/wp-content\/uploads\/2019\/03\/Capture-d\u2019e\u0301cran-2019-03-11-a\u0300-00.31.47-300x278.png 300w, https:\/\/www.achetezmoins.ch\/wp-content\/uploads\/2019\/03\/Capture-d\u2019e\u0301cran-2019-03-11-a\u0300-00.31.47.png 429w\" sizes=\"(max-width: 343px) 100vw, 343px\" \/><\/p>\n<p>Lieu de partage, d\u2019\u00e9change d\u2019id\u00e9es, notre nouveau chez-nous se veut un \u201cun-peu-chez vous-aussi\u201d. Si vous avez envie d\u2019y laisser quelques-uns de vos vieux bouquins &#8211; ceux qui prennent la poussi\u00e8re ou qui pourraient faire plaisir \u00e0 d\u2019autres -, des flyers d\u2019\u00e9v\u00e9nements \u00e0 venir ou une plaque de chocolat, faites! Cette biblioth\u00e8que, nous la souhaitons comme \u201cune br\u00e8che de plus\u201d dans notre monde, parmi d\u2019autres interstices qui permettent d\u2019exp\u00e9rimenter l\u2019autogestion, la collectivisation et le vivre-ensemble.<\/p>\n<p>Et comme tout prend du temps, ne soyez pas surpris si le d\u00e9sordre r\u00e8gne encore dans le local quand vous y passerez\u2026 Si le coeur vous en dit d\u2019ailleurs et que le travail d\u2019archivage vous pla\u00eet, \u00e9crivez-nous! Votre aide sera pr\u00e9cieuse, afin d&rsquo;alimenter en permanence les rayons de cette biblioth\u00e8que.<\/p>\n<p>Au plaisir de vous croiser \u201cchez Moins!\u201d bient\u00f4t.<\/p>\n<p>&nbsp;<\/p>\n<p>&#8212; Pour consulter le catalogue complet de la biblioth\u00e8que (mis \u00e0 jour le 13 novembre 2021), t\u00e9l\u00e9chargez le pdf en cliquant <a href=\"https:\/\/www.achetezmoins.ch\/wp-content\/uploads\/2021\/11\/Catalogue.pdf\" target=\"_blank\" rel=\"noopener\">ICI<\/a>&#8212;<\/p>\n","protected":false},"excerpt":{"rendered":"<p>Probablement le savez-vous d\u00e9j\u00e0: depuis la fin de l&rsquo;ann\u00e9e 2018, Moins! a son propre \u201cbureau\u201d de r\u00e9daction, que nous louons \u00e0 nos ami.es de la [&#8230;]<\/p>\n","protected":false},"author":3,"featured_media":0,"parent":0,"menu_order":0,"comment_status":"closed","ping_status":"closed","template":"","meta":{"footnotes":""},"_links":{"self":[{"href":"https:\/\/www.achetezmoins.ch\/index.php?rest_route=\/wp\/v2\/pages\/793"}],"collection":[{"href":"https:\/\/www.achetezmoins.ch\/index.php?rest_route=\/wp\/v2\/pages"}],"about":[{"href":"https:\/\/www.achetezmoins.ch\/index.php?rest_route=\/wp\/v2\/types\/page"}],"author":[{"embeddable":true,"href":"https:\/\/www.achetezmoins.ch\/index.php?rest_route=\/wp\/v2\/users\/3"}],"replies":[{"embeddable":true,"href":"https:\/\/www.achetezmoins.ch\/index.php?rest_route=%2Fwp%2Fv2%2Fcomments&post=793"}],"version-history":[{"count":15,"href":"https:\/\/www.achetezmoins.ch\/index.php?rest_route=\/wp\/v2\/pages\/793\/revisions"}],"predecessor-version":[{"id":970,"href":"https:\/\/www.achetezmoins.ch\/index.php?rest_route=\/wp\/v2\/pages\/793\/revisions\/970"}],"wp:attachment":[{"href":"https:\/\/www.achetezmoins.ch\/index.php?rest_route=%2Fwp%2Fv2%2Fmedia&parent=793"}],"curies":[{"name":"wp","href":"https:\/\/api.w.org\/{rel}","templated":true}]}}