{"id":155,"date":"2013-03-03T17:42:38","date_gmt":"2013-03-03T16:42:38","guid":{"rendered":"http:\/\/www.achetezmoins.ch\/?page_id=155"},"modified":"2025-11-03T13:15:41","modified_gmt":"2025-11-03T12:15:41","slug":"abonnement","status":"publish","type":"page","link":"https:\/\/www.achetezmoins.ch\/?page_id=155","title":{"rendered":"Abonnement"},"content":{"rendered":"<p class=\"noindent\">Vous pouvez vous abonner \u00e0 <span style=\"color: #ff6d01;\"><em>Moins!<\/em><\/span> pour une ann\u00e9e (6 num\u00e9ros &#8211; bimestriel).<\/p>\n<p class=\"noindent\">Le prix de l&rsquo;abonnement est <strong>libre<\/strong>. Il vous suffit de nous indiquer votre adresse postale ainsi que le num\u00e9ro avec lequel vous souhaitez d\u00e9buter votre abonnement, le dernier en date \u00e9tant le <strong>79<\/strong>. Si vous les avez rat\u00e9s, n&rsquo;h\u00e9sitez pas \u00e0 commander les anciens num\u00e9ros (disponibilit\u00e9 sur demande), \u00e9galement selon le principe du prix libre.<\/p>\n<p class=\"noindent\"><strong>Par email<\/strong>: <a href=\"mailto:info@achetezmoins.ch\">info@achetezmoins.ch<\/a><br \/>\n<strong>Par courrier<\/strong>: <em>Moins!<\/em> &#8211; rue du Petit Rocher 4 &#8211; 1003 Lausanne &#8211; Suisse<br \/>\n<strong>Par t\u00e9l\u00e9pathie<\/strong>: sans garantie<\/p>\n<p class=\"noindent\"><strong>Moyens de payements<br \/>\n<\/strong><strong>Suisse<\/strong>:\u00a0avec le bulletin de versement joint \u00e0 notre premier envoi ou par virement bancaire.<br \/>\n<strong>Etranger<\/strong>: par virement bancaire ou avec Paypal (info@achetezmoins.ch), dans ce dernier cas si vous n&rsquo;avez pas de compte, merci de nous communiquer le montant de votre contribution et vous pourrez r\u00e9gler par carte de cr\u00e9dit sans vous inscrire. Si nos propositions ci-dessus ne vous semblent pas assez d\u00e9croissantes, il est encore possible de nous envoyer quelques sous dans une enveloppe. Enfin, merci de ne pas nous envoyer de ch\u00e8que, car nous ne pouvons pas les encaisser au pays des banques, si ce n&rsquo;est \u00e0 payer des frais \u00e9quivalents au montant de votre contribution&#8230;<\/p>\n<p class=\"noindent\"><strong>Nos coordonn\u00e9es bancaires<\/strong><br \/>\nBanque Alternative Suisse<br \/>\nIBAN: CH16 0839 0032 0283 1000 8<br \/>\nCCP de la banque: 46-110-7<br \/>\nSwift Code: ABSOCH22<\/p>\n","protected":false},"excerpt":{"rendered":"<p>Vous pouvez vous abonner \u00e0 Moins! pour une ann\u00e9e (6 num\u00e9ros &#8211; bimestriel). Le prix de l&rsquo;abonnement est libre. Il vous suffit de nous indiquer [&#8230;]<\/p>\n","protected":false},"author":1,"featured_media":0,"parent":0,"menu_order":0,"comment_status":"closed","ping_status":"closed","template":"","meta":{"footnotes":""},"_links":{"self":[{"href":"https:\/\/www.achetezmoins.ch\/index.php?rest_route=\/wp\/v2\/pages\/155"}],"collection":[{"href":"https:\/\/www.achetezmoins.ch\/index.php?rest_route=\/wp\/v2\/pages"}],"about":[{"href":"https:\/\/www.achetezmoins.ch\/index.php?rest_route=\/wp\/v2\/types\/page"}],"author":[{"embeddable":true,"href":"https:\/\/www.achetezmoins.ch\/index.php?rest_route=\/wp\/v2\/users\/1"}],"replies":[{"embeddable":true,"href":"https:\/\/www.achetezmoins.ch\/index.php?rest_route=%2Fwp%2Fv2%2Fcomments&post=155"}],"version-history":[{"count":97,"href":"https:\/\/www.achetezmoins.ch\/index.php?rest_route=\/wp\/v2\/pages\/155\/revisions"}],"predecessor-version":[{"id":1199,"href":"https:\/\/www.achetezmoins.ch\/index.php?rest_route=\/wp\/v2\/pages\/155\/revisions\/1199"}],"wp:attachment":[{"href":"https:\/\/www.achetezmoins.ch\/index.php?rest_route=%2Fwp%2Fv2%2Fmedia&parent=155"}],"curies":[{"name":"wp","href":"https:\/\/api.w.org\/{rel}","templated":true}]}}